 and 1460.
5
What is the highest common factor of 32 and 50528?
32
What is the highest common divisor of 1287 and 3663?
99
Calculate the greatest common divisor of 92 and 207.
23
What is the greatest common factor of 60 and 1060?
20
What is the highest common divisor of 238 and 4298?
14
Calculate the highest common factor of 225 and 1005.
15
What is the greatest common factor of 1300 and 156?
52
Calculate the greatest common divisor of 460 and 620.
20
What is the highest common divisor of 2 and 1076?
2
Calculate the highest common factor of 6032 and 32.
16
Calculate the highest common divisor of 2028 and 1183.
169
What is the greatest common factor of 4 and 2?
2
What is the greatest common divisor of 2505 and 9?
3
What is the highest common factor of 12 and 1524?
12
Calculate the highest common divisor of 11 and 23419.
11
Calculate the greatest common divisor of 533 and 123.
41
Calculate the highest common divisor of 30 and 294.
6
Calculate the greatest common divisor of 14 and 2590.
14
Calculate the greatest common factor of 180 and 10305.
45
Calculate the highest common divisor of 636 and 53.
53
Calculate the greatest common factor of 135 and 120.
15
What is the highest common divisor of 33 and 165?
33
What is the highest common divisor of 592 and 629?
37
Calculate the highest common divisor of 825 and 375.
75
Calculate the greatest common divisor of 13 and 832.
13
What is the highest common divisor of 150 and 2010?
30
Calculate the highest common factor of 847 and 1309.
77
What is the highest common divisor of 351 and 78?
39
What is the greatest common divisor of 10 and 855?
5
Calculate the highest common divisor of 1029 and 6.
3
Calculate the greatest common divisor of 7 and 3255.
7
What is the greatest common divisor of 3 and 621?
3
Calculate the highest common factor of 156 and 3003.
39
What is the greatest common divisor of 8 and 2704?
8
What is the highest common factor of 17 and 2669?
17
What is the greatest common factor of 80 and 128?
16
Calculate the greatest common factor of 280 and 8.
8
What is the highest common factor of 145 and 667?
29
Calculate the highest common divisor of 7456 and 64.
32
Calculate the highest common factor of 1677 and 117.
39
Calculate the highest common divisor of 28 and 105476.
28
Calculate the highest common divisor of 2001 and 261.
87
What is the highest common factor of 46 and 322?
46
Calculate the highest common divisor of 22925 and 350.
175
Calculate the greatest common factor of 108 and 252.
36
Calculate the highest common factor of 17 and 31127.
17
What is the highest common divisor of 12 and 3?
3
Calculate the greatest common divisor of 497 and 14981.
71
Calculate the highest common factor of 232 and 261.
29
Calculate the highest common divisor of 100 and 500.
100
Calculate the highest common factor of 684 and 162.
18
What is the highest common factor of 66 and 18843?
33
What is the highest common factor of 27 and 729?
27
Calculate the highest common divisor of 236 and 59.
59
Calculate the greatest common divisor of 1127 and 23.
23
What is the highest common factor of 832 and 104?
104
Calculate the greatest common factor of 209 and 19.
19
Calculate the highest common divisor of 20 and 40.
20
What is the highest common factor of 21184 and 64?
64
Calculate the greatest common divisor of 448 and 5952.
64
What is the highest common factor of 1819 and 6848?
107
Calculate the highest common factor of 162 and 45603.
81
Calculate the highest common factor of 78 and 1677.
39
Calculate the greatest common factor of 81 and 216.
27
What is the highest common divisor of 606 and 72?
6
What is the highest common factor of 412 and 2678?
206
What is the highest common divisor of 1491 and 42?
21
What is the highest common divisor of 608 and 64?
32
What is the highest common factor of 9 and 1737?
9
Calculate the greatest common factor of 10 and 1055.
5
Calculate the highest common factor of 165 and 15.
15
Calculate the greatest common factor of 42 and 66.
6
Calculate the greatest common factor of 59 and 1711.
59
What is the highest common divisor of 6415 and 5?
5
Calculate the highest common factor of 75 and 200.
25
What is the highest common factor of 86 and 1978?
86
Calculate the greatest common divisor of 7 and 11.
1
Calculate the greatest common factor of 4 and 1900.
4
What is the highest common factor of 45 and 27345?
15
What is the highest common divisor of 87 and 377?
29
What is the highest common divisor of 14 and 328?
2
What is the highest common factor of 1036 and 14?
14
Calculate the greatest common divisor of 138 and 207.
69
What is the highest common factor of 72 and 12?
12
What is the greatest common factor of 30 and 135?
15
Calculate the highest common divisor of 87 and 116.
29
Calculate the greatest common divisor of 205 and 164.
41
Calculate the greatest common divisor of 440 and 40.
40
Calculate the highest common divisor of 2299 and 418.
209
Calculate the highest common divisor of 120 and 30.
30
What is the greatest common factor of 58 and 406?
58
What is the greatest common divisor of 12 and 2532?
12
Calculate the highest common factor of 180 and 45.
45
What is the highest common factor of 27267 and 183?
183
Calculate the greatest common divisor of 2490 and 120.
30
Calculate the greatest common divisor of 235 and 5.
5
Calculate the highest common divisor of 12 and 756.
12
Calculate the greatest common divisor of 9 and 7.
1
Calculate the greatest common divisor of 4212 and 252.
36
Calculate the highest common divisor of 134 and 1072.
134
What is the highest common divisor of 534 and 66?
6
Calculate the highest common divisor of 234 and 52.
26
What is the highest common divisor of 120 and 285?
15
Calculate the highest common factor of 75 and 1975.
25
Calculate the highest common divisor of 16 and 784.
16
What is the highest common divisor of 1413 and 785?
157
What is the greatest common divisor of 72 and 56?
8
Calculate the greatest common factor of 458 and 46.
2
Calculate the greatest common factor of 22 and 22.
22
Calculate the greatest common factor of 5 and 1.
1
Calculate the highest common divisor of 9126 and 117.
117
What is the highest common factor of 533 and 574?
41
Calculate the highest common factor of 14304 and 96.
96
What is the highest common factor of 28 and 532?
28
Calculate the greatest common factor of 127 and 1016.
127
What is the greatest common factor of 1111 and 44?
11
What is the greatest common divisor of 31556 and 42?
14
Calculate the greatest common divisor of 8 and 152.
8
Calculate the highest common divisor of 10 and 2810.
10
Calculate the highest common divisor of 1470 and 1323.
147
What is the greatest common factor of 1529 and 11?
11
What is the greatest common divisor of 1178 and 114?
38
Calculate the greatest common divisor of 336 and 378.
42
Calculate the greatest common factor of 176 and 48.
16
Calculate the greatest common factor of 10403 and 101.
101
Calculate the greatest common divisor of 8 and 48.
8
What is the highest common divisor of 48 and 6276?
12
Calculate the highest common factor of 60 and 40.
20
What is the highest common divisor of 871 and 268?
67
What is the highest common factor of 306 and 72?
18
Calculate the highest common divisor of 240 and 168.
24
Calculate the highest common factor of 112 and 616.
56
Calculate the greatest common factor of 136 and 289.
17
What is the greatest common divisor of 649 and 473?
11
What is the highest common divisor of 164 and 20828?
164
Calculate the highest common factor of 291 and 5141.
97
Calculate the highest common divisor of 341 and 44.
11
What is the highest common factor of 832 and 4416?
64
Calculate the greatest common factor of 6860 and 42.
14
What is the greatest common factor of 33 and 88?
11
What is the highest common divisor of 568 and 56?
8
Calculate the highest common divisor of 9 and 717.
3
Calculate the highest common factor of 56 and 63.
7
What is the highest common divisor of 12 and 588?
12
Calculate the highest common factor of 400 and 128.
16
What is the highest common factor of 8 and 1?
1
Calculate the highest common divisor of 136 and 16.
8
What is the highest common factor of 12 and 740?
4
Calculate the greatest common divisor of 783 and 27.
27
Calculate the highest common divisor of 